and 55.
55
Let l be 100/(-6)*108/(-18). Let n be (-3)/4 + (-42)/8. Let x be (-80)/n*3/2. What is the highest common factor of x and l?
20
Suppose -12 = -5*h + 6*h. Let v be (-260)/h + -3 + (-28)/42. What is the highest common divisor of v and 144?
18
Let b(w) = -22*w**3 - 374*w**2 - 6*w + 18. Let j be b(-17). Calculate the greatest common divisor of 1005 and j.
15
Let h(r) = 1196*r - 2338. Let i be h(2). Let g be ((-60)/(-2))/(2/27). Calculate the greatest common factor of g and i.
27
Let g = -165 - -155. Let u(x) = 0*x - 10*x + 5 - 3*x**2 - 22*x + 1. Let k be u(g). What is the greatest common divisor of 65 and k?
13
Let w = 3719 + -3644. What is the highest common factor of w and 5925?
75
Let r be 11620/80 + 3/(-12). Suppose -4*j - 4 + 12 = 0, -3*l - 5*j + r = 0. What is the greatest common factor of l and 585?
45
Suppose -21091 = -276*d + 70605 + 220184. What is the highest common factor of d and 540?
10
Let n = 758 + -774. Let v(r) = -2*r**3 - 32*r**2 - 7*r - 2. Let z be v(n). What is the greatest common factor of z and 1870?
110
Suppose -x = -4*m - 2 + 16, -6 = -3*x. Let o = -3 - -25. Suppose 4*k - 22 = 3*u + o, -4 = -2*k - 3*u. What is the greatest common divisor of m and k?
4
Let l(o) be the first derivative of -1/3*o**3 + 10 + o**2 + o + 1/2*o**4. Let p be l(2). What is the highest common factor of p and 85?
17
Let n = 21 + -14. Let p(t) = t**3 + 21*t**2 + 103*t + 38. Let h be p(-12). What is the greatest common divisor of n and h?
7
Let n(q) = 2*q + 5. Let m be n(4). Suppose 0 = -4*v, -32 = -4*a - 7*v + 2*v. Suppose -4 = -a*c + 100. Calculate the greatest common divisor of m and c.
13
Let k(c) = 2*c**3 + 2*c**2 - 5*c + 1. Let y be k(-2). Suppose -y*w + 3*i = -1632, 0*w = -5*w - 3*i + 2760. Calculate the greatest common divisor of w and 61.
61
Let r = 29659 + -29623. Suppose 2*t - 390 = 282. What is the highest common factor of r and t?
12
Let w = -68 + 71. Suppose w*t = -5*j + 36, -16 = 5*j - 6*j - 5*t. Let h be 49 - (0/(-5 - -1) - -1). Calculate the highest common divisor of j and h.
6
Suppose -5*w + 93 = 2*t, 4*t + 42 = 2*w - 0*t. Suppose -24*k = -w*k - 30. What is the highest common divisor of 366 and k?
6
Let u = -29 + 61. Suppose 471*d = 466*d + 260. Let c = d - u. What is the greatest common factor of c and 10?
10
Suppose 0 = 5*o - 3*o - 68. Calculate the greatest common factor of 4 and o.
2
Let m(l) = -102*l + 631. Let u be m(3). What is the greatest common divisor of u and 75?
25
Let c(b) = -50*b - 345. Let r be c(-23). What is the highest common factor of 69 and r?
23
Suppose -17*v - 214 = -19*v. Suppose b + 3*t + 258 = -4*b, 2*b + 5*t = -v. Let u = b + 101. Calculate the highest common divisor of 10 and u.
10
Let y = -173 - -180. Suppose -y*p = -291 + 60. What is the highest common divisor of p and 11?
11
Suppose 5*f = 2*v - 248, -2*f + 7*f = 40. Let h be (-191)/(-3) + (-1)/(-3). Calculate the highest common factor of v and h.
16
Let q be (-152)/(-32) + (-14)/8 + 1. Let l(s) = 74*s + 76. Let w be l(2). What is the highest common divisor of w and q?
4
Let l be 417/((-9)/(-3)) + -2. Let y = -92 + l. Let t be (8/(-24))/((-10)/1350). What is the greatest common factor of t and y?
45
Let f(n) = -4*n + 279. Let z be f(0). Let m = 15 - 42. Let o = 58 + m. Calculate the greatest common factor of o and z.
31
Let b(c) = -c**3 + 9*c**2 + 12*c - 124. Let i be b(5). Calculate the highest common factor of i and 300.
12
Let z(f) = 3 + 0 - f - 5 + 0*f. Let w be z(-7). Let b(c) = -c**3 + 3*c**2 + 20*c - 10. Let p be b(6). Calculate the highest common divisor of w and p.
1
Let d = -8 - -26. Let j(h) = -2*h - 1341 + 4*h + 1324. Let p be j(d). Calculate the highest common divisor of 19 and p.
19
Let f(q) = -12*q - 240. Let d(y) = -2. Let j(u) = -4*d(u) + f(u). Let g be j(-20). Let b be (-6)/15 - (-42)/5. Calculate the greatest common factor of b and g.
8
Suppose -5*k = -5*s - 3*k + 2361, 4*k = -2*s + 954. Calculate the highest common factor of 989 and s.
43
Suppose 3*q + 4*g - 2141 = 0, 7*q - 12*q + 3594 = 3*g. What is the highest common factor of 21 and q?
3
Suppose -2*p = -7*z + 12*z - 15110, -2*z = 2*p - 15098. What is the highest common factor of 15 and p?
15
Suppose 3*t - 8481 = -5*v + 5729, -7*v + 19894 = 4*t. What is the highest common factor of v and 294?
98
Suppose -136*q + 126*q + 160 = 0. What is the greatest common factor of q and 752?
16
Suppose 0 = -3*f + 4*p + 62, 0*p + 5*p = 3*f - 67. Suppose 44 = 16*w - f*w. Calculate the greatest common factor of w and 77.
11
Suppose 1390*w - 1389*w = 1819. Calculate the greatest common factor of 272 and w.
17
Let s be 741/171 + (-2)/6. Suppose -2*g + 826 = s*x, 0 = -3*x - 2*g - 179 + 797. Calculate the highest common factor of 39 and x.
13
Let u = -186 + 510. Let v(j) = -11*j**2 - j + 36. Let q be v(0). What is the highest common factor of q and u?
36
Suppose -s + 23 = c + c, 4*c - 69 = -3*s. Let g = -11 + s. Calculate the greatest common factor of 84 and g.
12
Suppose 8*z - 20 = 3*z. Suppose -3*t + 7*t = m - 24, 2*t = z*m - 152. Let a = -46 + 56. What is the highest common divisor of a and m?
10
Suppose 3434*z - 13722 + 4275 = 7723. Let l be (1 - -85)*1 - 1. What is the greatest common factor of l and z?
5
Suppose 10*m = -27290 + 82540. Calculate the greatest common factor of 255 and m.
85
Suppose b = 4*h + 262, h = b - 4*h - 265. Let r be (-99)/(-5) - (-50)/b. Calculate the highest common divisor of 260 and r.
20
Suppose 1092 = -5*y - 8*y. Let x be 21/2*7/(y/(-8)). Suppose -7*j - j = -896. Calculate the greatest common factor of x and j.
7
Suppose -83 = -4*b + 433. Suppose m - 63 = -u + 2*u, -3*u - b = -2*m. Let h = -33 + m. Calculate the greatest common factor of h and 18.
9
Let z = 112 - 128. Let k be (-1 - z)/((-6)/(-24)). Calculate the highest common divisor of k and 20.
20
Let i(d) = -106*d + 1768. Let o be i(10). What is the highest common divisor of 1121 and o?
59
Suppose 2*s = -2*q - 0*q + 16, 0 = 3*q - 3*s - 36. What is the highest common factor of 430 and q?
10
Let f = -1 + 10. Suppose 16*u + 176 = -144. Let k be ((-256)/12)/4*135/u. Calculate the greatest common factor of k and f.
9
Let r(i) = -25*i - 39. Let g(s) = 72*s + 116. Let z(d) = -6*g(d) - 17*r(d). Let p be z(-6). Calculate the highest common divisor of p and 99.
9
Suppose -972 = 12741*s - 12822*s. Suppose 5*q + 34 = -96. Let b = q - -62. What is the greatest common divisor of s and b?
12
Suppose -3*o + 1133 = -19. Let s = -521 - -303. Let x = 266 + s. Calculate the highest common divisor of o and x.
48
Let l(m) = 8*m**2 - 5*m + 2. Let t be l(1). Suppose a = 4*o - 4463, -o + 1336 = -t*a + 225. Calculate the highest common divisor of 36 and o.
36
Let n be (34/(-8))/((-155)/4960). Let o(d) = 7*d + 1. Let m be (2/4)/((-5)/(-10)). Let k be o(m). Calculate the highest common divisor of k and n.
8
Let y be ((-6)/(-1) - -6)*(-442)/(-408). Suppose -3*l - 208 = -5*l. Calculate the highest common factor of y and l.
13
Let n be 1 + -5 - (-120)/5. Let w be 1576/4 - (-9 + (9 - -4)). What is the highest common factor of n and w?
10
Let q(l) = 2*l**2 + 4*l + 4. Let y be q(0). Suppose y*u + 436 = v, 5*v + 4*u - 8*u = 2100. What is the highest common divisor of 26 and v?
26
Suppose -111*w + 962 = -703. Calculate the greatest common factor of w and 99.
3
Suppose 48 = 6*q - 0*q. Suppose q*n - n - 210 = 0. Suppose 0 = -4*g + 3*b + n, 6*b - 26 = -2*g + 2*b. Calculate the greatest common divisor of g and 63.
9
Suppose 4*x - 127 = -5*p, -6 - 31 = -x + 4*p. Let q(w) = w**3 - 82*w**2 + 1819*w - 165555. Let r be q(84). Calculate the greatest common divisor of r and x.
33
Suppose 29*f + 1265 = 52*f. Calculate the greatest common factor of f and 616.
11
Let t(q) = -q**3 + 5*q**2 - 2*q + 1. Let r be t(4). Let x be (-132)/(-22) - (3 - 0 - -1). What is the greatest common factor of r and x?
1
Let h = 657 - 1179. Let i = 294 - h. Calculate the highest common divisor of i and 51.
51
Let c = -237 + 227. Let x be -22*(c/36 + 10/(-45)). Calculate the greatest common divisor of x and 3.
1
Suppose 81*z - 16 = 77*z. Suppose 0 = 2*m + z*w - 40 - 0, -w + 115 = 4*m. Let t = -2 + 22. Calculate the highest common factor of m and t.
10
Suppose -43*l - 1780716 = -281*l. What is the greatest common divisor of 174 and l?
174
Let s be (-293 - -174)*-1*4. What is th